ts digit of f?
7
Let u = 10113 + -7720. What is the hundreds digit of u?
3
Let y(r) = 138 - 3*r + 4*r + 167 - 73. What is the hundreds digit of y(-47)?
1
Let d = 6357 + 1515. Suppose 94*u = 86*u + d. What is the units digit of u?
4
Let p(z) = -z**2 - 5. Let r be p(0). Let j(y) = -y**3 - y**2 - 9. Let t(f) = -f**3 - f**2 - 8. Let b(m) = r*t(m) + 4*j(m). What is the units digit of b(4)?
4
Let q(r) = -r**3 - 23*r**2 - 3*r - 128. What is the hundreds digit of q(-31)?
6
Suppose -4*m - 25908 = -2*i + 6510, 32454 = 2*i + 2*m. What is the units digit of i?
1
What is the units digit of ((-22)/(-55)*-29 - -11)*-34205?
3
Suppose 965*k - 966*k = -5078. What is the thousands digit of k?
5
What is the units digit of (42/7)/(-36) + -1 + (-146433)/(-18)?
4
Let d(j) = -j**2 - 12*j + 16. Suppose -6*x = 10 + 68. Let z be d(x). Suppose -z*g = w - 93, -g = w + g - 91. What is the units digit of w?
7
Suppose 0 = -3*t + 5*k + 68450, -2*k = -7*t + 6*t + 22816. What is the tens digit of t?
2
Suppose -110*p - 1526220 = -232*p. What is the hundreds digit of p?
5
Let n = 23 - -94. Suppose 170 = -x + 2*c, -x - n - 28 = 3*c. Let p = x + 321. What is the units digit of p?
1
Suppose 0 = -9*k + 5*k. Let w(z) = 18*z**2 - z**3 - 4*z + k*z**3 - 7*z**3 + 9*z**3 + 22. What is the tens digit of w(-18)?
9
Suppose 0 = 2*v - 8274 - 5718. What is the thousands digit of v?
6
Let b = 10990 + 7384. What is the ten thousands digit of b?
1
Suppose 4*d - v + 3 = 3*d, 5*d + 3*v + 15 = 0. Let x be 14*(-2 - (2 + d))/(-1). Suppose 10*n - x*n + 484 = 0. What is the tens digit of n?
2
Suppose -7*x - 755422 = 34*x - 1924086. What is the hundreds digit of x?
5
Let h(z) = 2*z + 14. Let v be 1/((-14)/(-24) - 15/20). Let j be h(v). Suppose 3*q = -j*q + 495. What is the units digit of q?
9
Suppose 0 = -22*z + 64 - 20. Suppose 0 = -4*b + z*n + 892, 6*b + 671 = 9*b - 2*n. What is the hundreds digit of b?
2
What is the units digit of (-12)/1*(-6)/(72/993)?
3
Let v(h) = -22*h - 22. Let y be v(-1). Suppose y = -58*a + 49*a + 4041. What is the units digit of a?
9
Let l be (-11)/(8/(-2) - -3). Let w(r) = r**3 - 4*r**2 + 2*r - 14. What is the hundreds digit of w(l)?
8
Let n(l) be the third derivative of -l**5/20 + 13*l**4/24 - 2*l**3/3 - 18*l**2. Let w be n(4). Suppose w = 182*d - 178*d - 208. What is the tens digit of d?
5
Let r = -2326 + 3420. Let o = r - 499. What is the hundreds digit of o?
5
Suppose -940*s - 48467 = -957*s. What is the tens digit of s?
5
Suppose 4*z + 7*z - 198 = 0. Let j = 223 - z. Let n = 324 - j. What is the tens digit of n?
1
Let t(m) be the third derivative of 1/60*m**6 + 0*m - 13/20*m**5 - m**3 - 7/12*m**4 + 0 - 18*m**2. What is the tens digit of t(20)?
1
Let v = -29 - 134. Let g = 499 + v. What is the tens digit of g?
3
Suppose 0 = 9*d - 369 - 288. Let j = 64 - d. What is the tens digit of (4 + -6 + (-21)/j)*357?
1
Suppose -3*x = -0*x - 138. Suppose 5*s - x = -21. Suppose 0 = 2*l + t - 80, 0 = -3*l - s*t + 2*t + 126. What is the units digit of l?
8
Let t = -629 + 10465. What is the units digit of t?
6
Suppose 0 = 87*v - 90*v + 30. Suppose u - 5 = 0, v*k = 8*k - 2*u + 596. What is the units digit of k?
3
Let z = 20 + -65. Let x = z + 31. Let f(u) = -6*u + 10. What is the tens digit of f(x)?
9
Let b(g) = g**3 + 12*g**2 + 4*g + 51. Let j be b(-12). Suppose -c + 2*c - 1104 = 3*h, 4*c = j*h + 4443. What is the tens digit of c?
1
Suppose -20*i = -25 - 55. What is the hundreds digit of ((-1133)/(-12) + 12/(-18))*i?
3
Suppose 74*j - 84*j + 50 = 0. Suppose -2*w + 20 = -340. Suppose 0 = -j*z + 9*z - w. What is the tens digit of z?
4
Suppose -40 = 4*h + 4*h. Let j(d) = -56*d - 42. What is the tens digit of j(h)?
3
Suppose 1240*q + 2412 = 1258*q. Suppose -c = 4*c + 110. Let y = c + q. What is the tens digit of y?
1
Suppose 76944 = 368*k - 364*k - 2*l, -3*l + 18 = 0. What is the units digit of k?
9
Let r(c) = 5*c**3 - 4*c**2 + 24*c. Suppose -33 = -14*a + 65. What is the units digit of r(a)?
7
What is the hundreds digit of (3 + 52/(-16))/((-24)/692448)?
2
Let y = 3604 - 2083. Suppose 9*j - y - 1692 = 0. What is the units digit of j?
7
Let h = 275 - 234. Suppose -16*d + h*d = 10525. What is the units digit of d?
1
Let r = 1 - -2. Suppose -17 = -r*z - 2, 0 = -5*c - 3*z - 75. Let i = 100 + c. What is the tens digit of i?
8
Let a be 1/2*((-286)/(-11) + 2). Suppose -a*b = -10026 - 7936. What is the thousands digit of b?
1
Let h = 127 - 250. What is the units digit of 460/69*(-1)/2*h?
0
Suppose -113*n - 310 = -118*n. Let w = n - 54. What is the tens digit of 141 - (w + -4 + 0 - 1)?
3
What is the tens digit of 3/1 - (-3 - (2971 - 11))?
6
Suppose -64 = -i + 2*o - 4, 5*i - 322 = -o. Suppose 44*s = 33*s - 1089. Let f = i - s. What is the tens digit of f?
6
Let f(b) = -7*b**2 + 108*b + 9. Let o = 15 - 1. What is the units digit of f(o)?
9
Let z(d) = -93*d - 2. Let n be z(-6). Let t be -4 - ((6 - 4) + 2 + 40/(-4)). Suppose -3*g = 5*u + 72 - 463, 4*g - n = t*u. What is the units digit of g?
7
Suppose 126*f - 62*f = 56*f + 100480. What is the hundreds digit of f?
5
Let z(c) = 12*c**3 + c**2 - 2*c + 47. Let f(o) = 5*o**3 + o**2 - o + 23. Let u(r) = -7*f(r) + 3*z(r). What is the hundreds digit of u(10)?
5
Let v = -34209 - -60343. What is the units digit of v?
4
Suppose 16 = 2*a + 4*s, 7*s - 4*s = 3*a - 24. What is the tens digit of a/(-10) + (-34643)/(-35)?
8
What is the thousands digit of 1 + 4 - 5071790/(-167)?
0
Let z(r) = 6974*r**2 + 286*r + 289. What is the hundreds digit of z(-1)?
9
Suppose -g - 21140 = -5*x, -4*g = 5*x - 18312 - 2828. What is the hundreds digit of x?
2
Let t(s) = 19*s**3 + s**2 - s + 1. Let h be t(1). Suppose 2*v - 353 = -5*m, h*v + 4*m = 17*v + 540. What is the tens digit of v?
8
Let h(x) = -x**2 + 29*x + 65. Let q be h(-2). Let p = 1 - -7. Suppose 5*w - o - 599 = 0, q*w + p = 5*o + 385. What is the tens digit of w?
1
Let b(i) = -2*i**3 - 4*i**2 - 66*i + 33. What is the thousands digit of b(-16)?
8
Suppose 148*x + 325 = 143*x. Let b = x - -109. What is the units digit of b?
4
Suppose -4*i + h = 31, -4*i = h + 23 + 10. What is the tens digit of (i + 95)*(-21)/(-9)?
0
Let l be (-4)/(-7) - (39/7 + -8). Suppose 2*g + 3*s + 570 = 3*g, -3*g + l*s + 1686 = 0. What is the hundreds digit of g?
5
Let k be (5 - 26/(-6)) + (-2)/6. Suppose k*h = 6*h. Suppose 6*y - 392 + 2 = h. What is the tens digit of y?
6
Let j = -45 - 15. Let z = -74 - j. Let o(c) = c**3 + 14*c**2 - 8*c + 15. What is the units digit of o(z)?
7
Let w be 3*39/(-135) - (-12)/(-90). Let y(k) = -266*k + 6. What is the hundreds digit of y(w)?
2
Let l = 42 + -59. Let h(g) = -2*g - 35. Let c be h(l). What is the tens digit of ((-236)/4 - 1*-2)*c?
5
Suppose -195*o + 1063757 - 189475 = -336083. What is the hundreds digit of o?
2
Let r(g) = 7*g**2 + g. Let o be r(-1). Let u be (15/(-10))/(o/(-112)). Suppose -2*p + 94 = u. What is the units digit of p?
3
Let p(y) = 4*y + 22. Let w be p(-5). Suppose -j + 5*j = -w*c + 1212, -321 = -j - 5*c. What is the units digit of j?
1
Let v = 301 - 306. What is the hundreds digit of v/(-3) - (-9990)/81?
1
Let q be ((-20)/(-45))/(-2) - (-116)/36. Suppose -69 + 9 = -4*h + 4*c, 0 = -h + q*c + 21. What is the tens digit of h?
1
Let c be -2*2*(-15)/20. Suppose 3*r = 5*g - 7, -g + r + 4 = c*r. Suppose 124 + 86 = g*z. What is the tens digit of z?
0
Suppose -430 = -23*a + 30. Suppose 5*u = -a, t = 3*t - 3*u - 1120. What is the hundreds digit of t?
5
Suppose 0 = -3*y - 4*p + 5, -5*y + 5*p - 3*p = -43. Suppose 3*b = -15, y*s = 3*s + b - 11. What is the tens digit of (-1 - -89) + (-1 - s)?
9
Suppose -5*r = -5*a + 590, 4*a + 4*r - 504 = -56. Suppose -3*y + 799 = -u, -u - 150 = -y + a. What is the hundreds digit of y?
2
Suppose 0 = -3*i + 32*i + 36*i - 92885. What is the thousands digit of i?
1
Let k(r) = -2*r + 4. Let d be k(0). Suppose 0 = -3*s + d*v + 32, 5*s - 4*v + 6*v = 88. What is the hundreds digit of (-1672)/(-14) - (s/(-7))/4?
1
Let m = -9876 - -18868. What is the tens digit of m?
9
Let o(u) = u**3 - 6*u**2 + 7*u + 6. Let i be o(16). Suppose 4*g - i = -514. What is the units digit of g?
1
Let s = -394 + 399. Suppose -2*d + 1694 = 2*z, -4*z - 832 = -s*z + 2*d. What is the hundreds digit of z?
8
Suppose -13*x + 22 + 17 = 0. What is the tens digit of 2551/x + (-50)/150?
5
Let p(g) = -1850*g - 4389. What is t